ist the prime factors of 192319.
192319
What are the prime factors of 603813?
3, 7, 28753
List the prime factors of 154715.
5, 11, 29, 97
What are the prime factors of 732475?
5, 83, 353
List the prime factors of 1827467.
37, 49391
List the prime factors of 12410829.
3, 373, 3697
List the prime factors of 4701976.
2, 587747
What are the prime factors of 11446986?
2, 3, 37, 51563
What are the prime factors of 220323?
3, 271
What are the prime factors of 1834714?
2, 7, 29, 4519
What are the prime factors of 303198?
2, 3, 7, 7219
What are the prime factors of 648508?
2, 7, 19, 23, 53
List the prime factors of 2103337.
89, 23633
List the prime factors of 214816.
2, 7, 137
What are the prime factors of 69177?
3, 23059
What are the prime factors of 3364903?
71, 83, 571
What are the prime factors of 592729?
457, 1297
What are the prime factors of 717045?
3, 5, 7, 6829
What are the prime factors of 2229082?
2, 1114541
What are the prime factors of 117714?
2, 3, 23, 853
What are the prime factors of 68394?
2, 3, 11399
What are the prime factors of 67410?
2, 3, 5, 7, 107
List the prime factors of 471735.
3, 5, 11, 953
What are the prime factors of 260998?
2, 37, 3527
List the prime factors of 1824419.
29, 53, 1187
What are the prime factors of 8063300?
2, 5, 7, 11519
What are the prime factors of 5524623?
3, 13, 23, 2053
List the prime factors of 874467.
3, 11, 73
List the prime factors of 1866785.
5, 373357
What are the prime factors of 4965279?
3, 11, 379, 397
What are the prime factors of 2730204?
2, 3, 181, 419
List the prime factors of 1948708.
2, 487177
List the prime factors of 7020444.
2, 3, 585037
List the prime factors of 237017.
11, 29, 743
List the prime factors of 29995494.
2, 3, 47, 106367
What are the prime factors of 3848097?
3, 11, 29, 4021
List the prime factors of 10495.
5, 2099
List the prime factors of 1179414.
2, 3, 21841
List the prime factors of 546723.
3, 20249
What are the prime factors of 2832872?
2, 7, 50587
What are the prime factors of 5854479?
3, 1951493
List the prime factors of 293873.
19, 15467
List the prime factors of 15446041.
13, 23, 51659
What are the prime factors of 292949?
73, 4013
List the prime factors of 972770.
2, 5, 89, 1093
List the prime factors of 850169.
83, 10243
What are the prime factors of 793271?
17, 46663
What are the prime factors of 9657898?
2, 103, 173, 271
List the prime factors of 1441031.
1441031
What are the prime factors of 13339444?
2, 19, 175519
What are the prime factors of 235964?
2, 58991
What are the prime factors of 888873?
3, 127, 2333
List the prime factors of 4183154.
2, 19, 110083
What are the prime factors of 2332983?
3, 777661
List the prime factors of 20793156.
2, 3, 1732763
List the prime factors of 533719.
533719
List the prime factors of 30159310.
2, 5, 283, 10657
What are the prime factors of 63071?
59, 1069
List the prime factors of 1789196.
2, 31, 47, 307
List the prime factors of 6398146.
2, 277, 11549
List the prime factors of 10404544.
2, 17, 73, 131
List the prime factors of 9913676.
2, 31, 2579
List the prime factors of 1651850.
2, 5, 33037
List the prime factors of 20092238.
2, 10046119
List the prime factors of 58268.
2, 7, 2081
What are the prime factors of 1920124?
2, 71, 6761
What are the prime factors of 119223?
3, 13, 1019
What are the prime factors of 12450162?
2, 3, 971, 2137
List the prime factors of 1919618.
2, 959809
List the prime factors of 525565.
5, 257, 409
What are the prime factors of 381392?
2, 11, 197
What are the prime factors of 630789?
3, 210263
What are the prime factors of 2156866?
2, 157, 6869
List the prime factors of 1186378.
2, 421, 1409
What are the prime factors of 9156704?
2, 53, 5399
List the prime factors of 62402.
2, 41, 761
What are the prime factors of 1973427?
3, 657809
List the prime factors of 428624.
2, 7, 43, 89
What are the prime factors of 10196884?
2, 883, 2887
List the prime factors of 493712.
2, 59, 523
List the prime factors of 182224.
2, 7, 1627
What are the prime factors of 348812?
2, 29, 31, 97
What are the prime factors of 211700?
2, 5, 29, 73
What are the prime factors of 1094257?
29, 97, 389
List the prime factors of 15952562.
2, 17, 469193
List the prime factors of 550659.
3, 173, 1061
List the prime factors of 11636637.
3, 3878879
List the prime factors of 1247599.
1247599
What are the prime factors of 17302840?
2, 5, 491, 881
What are the prime factors of 195862?
2, 97931
List the prime factors of 16516119.
3, 139, 39607
What are the prime factors of 643329?
3, 23827
What are the prime factors of 26805505?
5, 877, 6113
What are the prime factors of 5126366?
2, 7, 366169
List the prime factors of 859846.
2, 13, 33071
What are the prime factors of 374685?
3, 5, 24979
List the prime factors of 2751657.
3, 917219
What are the prime factors of 23184?
2, 3, 7, 23
List the prime factors of 15726960.
2, 3, 5, 809
What are the prime factors of 24953363?
101, 107, 2309
What are the prime factors of 2043163?
2043163
List the prime factors of 2470859.
2470859
What are the prime factors of 1670177?
127, 13151
What are the prime factors of 6203458?
2, 3101729
What are the prime factors of 11429?
11, 1039
List the prime factors of 19488647.
17, 1146391
What are the prime factors of 4401075?
3, 5, 7, 83, 101
List the prime factors of 768637.
23, 1453
List the prime factors of 304157.
7, 43451
What are the prime factors of 6843140?
2, 5, 463, 739
List the prime factors of 4393255.
5, 878651
List the prime factors of 5613087.
3, 1871029
List the prime factors of 6354148.
2, 83, 19139
List the prime factors of 138680.
2, 5, 3467
List the prime factors of 427080.
2, 3, 5, 3559
List the prime factors of 7265920.
2, 5, 11353
List the prime factors of 5194829.
487, 10667
What are the prime factors of 164920?
2, 5, 7, 19, 31
List the prime factors of 27923546.
2, 7, 47, 42437
List the prime factors of 2876785.
5, 79, 7283
List the prime factors of 30695632.
2, 11, 174407
List the prime factors of 2458529.
163, 15083
List the prime factors of 204977.
71, 2887
What are the prime factors of 1044309?
3, 7, 223
What are the prime factors of 1810313?
17, 83, 1283
List the prime factors of 444786.
2, 3, 74131
List the prime factors of 8348128.
2, 260879
List the prime factors of 1920154.
2, 960077
List the prime factors of 354703.
354703
What are the prime factors of 6713717?
6713717
List the prime factors of 978463.
978463
What are the prime factors of 949518?
2, 3, 17, 29, 107
What are the prime factors of 12479547?
3, 17, 23, 10639
List the prime factors of 187738.
2, 37, 43, 59
What are the prime factors of 1398252?
2, 3, 109, 1069
List the prime factors of 243415.
5, 89, 547
List the prime factors of 301030.
2, 5, 30103
List the prime factors of 22846893.
3, 617, 12343
List the prime factors of 16550744.
2, 7, 337, 877
List the prime factors of 325618.
2, 17, 61, 157
What are the prime factors of 30111282?
2, 3, 1672849
What are the prime factors of 4503291?
3, 13, 115469
What are the prime factors of 1125023?
61, 18443
What are the prime factors of 8699285?
5, 7, 199, 1249
List the prime factors of 371834.
2, 185917
What are the prime factors of 1919128?
2, 41, 5851
List the prime factors of 4568821.
4568821
What are the prime factors of 4346490?
2, 3, 5, 144883
List the prime factors of 2377396.
2, 7, 197, 431
List the prime factors of 175295.
5, 35059
What are the prime factors of 252596?
2, 63149
What are the prime factors of 7350207?
3, 19, 128951
List the prime factors of 34333.
13, 19, 139
What are the prime factors of 9085393?
1847, 4919
What are the prime factors of 1319869?
1319869
What are the prime factors of 233?
233
List the prime factors of 43550.
2, 5, 13, 67
What are the prime factors of 64095?
3, 5, 4273
List the prime factors of 4295364.
2, 3, 29, 12343
What are the prime factors of 9242059?
9242059
List the prime factors of 997435.
5, 199487
List the prime factors of 1180438.
2, 7, 84317
What are the prime factors of 615698?
2, 211, 1459
What are the prime factors of 72394?
2, 7, 5171
What are the prime factors of 978048?
2, 3, 283
List the prime factors of 13232539.
13232539
List the prime factors of 107262.
2, 3, 59, 101
What are the prime factors of 3197314?
2, 97, 16481
What are the prime factors of 56355